{"id":852,"date":"2017-01-25T10:54:06","date_gmt":"2017-01-25T09:54:06","guid":{"rendered":"http:\/\/temporaneo.arciserviziocivile.it\/ascnetwork\/vicenza\/?page_id=852"},"modified":"2020-05-28T12:38:56","modified_gmt":"2020-05-28T10:38:56","slug":"sve-servizio-volontario-europeo","status":"publish","type":"page","link":"https:\/\/temporaneo.arciserviziocivile.it\/vicenza\/sve-servizio-volontario-europeo\/","title":{"rendered":"Corpi Europei di Solidariet\u00e0 (ex SVE)"},"content":{"rendered":"<p><img loading=\"lazy\" decoding=\"async\" class=\" wp-image-2099 aligncenter\" src=\"http:\/\/temporaneo.arciserviziocivile.it\/vicenza\/wp-content\/uploads\/sites\/2\/frank-vex-EoThx95bYPg-unsplash-1-300x200.jpg\" alt=\"\" width=\"459\" height=\"313\" \/><\/p>\n<p>ASC Vicenza \u00e8 accreditata come ente di <em>invio e accoglienza<\/em> dei progetti di volontariato all&#8217;interno dei <a href=\"https:\/\/europa.eu\/youth\/solidarity_it\">Corpi Europei di Solidariet\u00e0<\/a>.<\/p>\n<p>Il Corpo europeo di solidariet\u00e0 \u00e8 la nuova iniziativa dell&#8217;Unione europea che offre ai giovani opportunit\u00e0 di lavoro o di volontariato, nel proprio paese o all&#8217;estero, nell&#8217;ambito di progetti destinati ad aiutare comunit\u00e0 o popolazioni in Europa.<\/p>\n<p>Pi\u00f9 precisamente noi di ASC Vicenza ci occupiamo delle opportunit\u00e0 di volontariato all&#8217;estero. Si tratta di attivit\u00e0 di volontariato a tempo pieno non retribuite, ma con copertura di vitto, alloggio, trasporti e piccole spese personali.<\/p>\n<p>Tutti i giovani che entrano a far parte del Corpo europeo di solidariet\u00e0 ne accettano e condividono\u00a0<a href=\"https:\/\/europa.eu\/youth\/solidarity\/mission_it\">la missione e i principi<\/a>.<\/p>\n<p>Puoi aderire al Corpo europeo di solidariet\u00e0 a partire dai 17 anni, ma devi averne almeno 18 per poter iniziare un progetto. I progetti saranno aperti a persone fino a 30 anni e possono avere una durata fino a dodici mesi di norma sul territorio degli Stati membri dell&#8217;Unione europea.<\/p>\n<p>Dopo aver completato una semplice procedura di registrazione (vedi il <a href=\"https:\/\/europa.eu\/youth\/solidarity_it\">sito<\/a> per procedere), i partecipanti al Corpo europeo di solidariet\u00e0 potranno essere selezionati e invitati a unirsi a un&#8217;ampia gamma di progetti, connessi ad esempio alla ricostruzione a seguito di una calamit\u00e0, all&#8217;assistenza nei centri per richiedenti asilo o a problematiche sociali di vario tipo nelle comunit\u00e0.<\/p>\n<p>Alcuni esempi di mansioni che ti potrebbero essere affidate:<\/p>\n<ul>\n<li>aiutare a ricostruire una scuola o un centro comunitario distrutti da un terremoto<\/li>\n<li>fornire assistenza a richiedenti asilo appena arrivati<\/li>\n<li>diradare la vegetazione boschiva per prevenire incendi<\/li>\n<li>lavorare con disabili in un centro comunitario.<\/li>\n<\/ul>\n<p>Se vuoi maggiori informazioni, ti invitiamo a leggere anche le <a href=\"https:\/\/europa.eu\/youth\/solidarity\/faq_it\">domande pi\u00f9 frequenti<\/a> che sono presenti nel sito del Corpo europeo di solidariet\u00e0. Se hai bisogno di fare una tua personale domanda, puoi scriverle all&#8217;ente stesso cliccando su &#8220;<a href=\"http:\/\/europa.eu\/youth\/ask-a-question_it\" target=\"_blank\" rel=\"noopener noreferrer\">&#8220;Chiedilo a noi!&#8221;<\/a>&#8220;. Dovresti ricevere risposta entro 5 giorni lavorativi.<\/p>\n<p>Non \u00e8 mai troppo presto per informarsi \ud83d\ude09<br \/>\nUlteriori dettagli sul\u00a0<a href=\"http:\/\/ec.europa.eu\/programmes\/erasmus-plus\/opportunities\/individuals\/young-people\/european-voluntary-service_it\">sito<\/a> della Commissione Europea.<\/p>\n<p>Per qualsiasi dubbio, contatta i nostri uffici alla mail vicenza@ascmail.it o anitagalvan@ascmail.it.<\/p>\n<p>&#8212;&#8212;<\/p>\n<p>Do you want to come and help us out? Or would you like to be our partner? Get in touch, you can find more information about us <a href=\"https:\/\/europa.eu\/youth\/volunteering\/organisation\/923150456_it\">here<\/a> and <a href=\"https:\/\/www.salto-youth.net\/tools\/otlas-partner-finding\/organisation\/arci-servizio-civile-vicenza.15011\/\">here<\/a>.<\/p>\n","protected":false},"excerpt":{"rendered":"<p>ASC Vicenza \u00e8 accreditata come ente di invio e accoglienza dei progetti di volontariato all&#8217;interno dei Corpi Europei di Solidariet\u00e0. Il Corpo europeo di solidariet\u00e0 \u00e8 la nuova iniziativa dell&#8217;Unione&#8230;<\/p>\n","protected":false},"author":3,"featured_media":0,"parent":0,"menu_order":0,"comment_status":"closed","ping_status":"closed","template":"page_cust.php","meta":{"footnotes":""},"_links":{"self":[{"href":"https:\/\/temporaneo.arciserviziocivile.it\/vicenza\/wp-json\/wp\/v2\/pages\/852"}],"collection":[{"href":"https:\/\/temporaneo.arciserviziocivile.it\/vicenza\/wp-json\/wp\/v2\/pages"}],"about":[{"href":"https:\/\/temporaneo.arciserviziocivile.it\/vicenza\/wp-json\/wp\/v2\/types\/page"}],"author":[{"embeddable":true,"href":"https:\/\/temporaneo.arciserviziocivile.it\/vicenza\/wp-json\/wp\/v2\/users\/3"}],"replies":[{"embeddable":true,"href":"https:\/\/temporaneo.arciserviziocivile.it\/vicenza\/wp-json\/wp\/v2\/comments?post=852"}],"version-history":[{"count":25,"href":"https:\/\/temporaneo.arciserviziocivile.it\/vicenza\/wp-json\/wp\/v2\/pages\/852\/revisions"}],"predecessor-version":[{"id":2174,"href":"https:\/\/temporaneo.arciserviziocivile.it\/vicenza\/wp-json\/wp\/v2\/pages\/852\/revisions\/2174"}],"wp:attachment":[{"href":"https:\/\/temporaneo.arciserviziocivile.it\/vicenza\/wp-json\/wp\/v2\/media?parent=852"}],"curies":[{"name":"wp","href":"https:\/\/api.w.org\/{rel}","templated":true}]}}