{"id":17,"date":"2016-01-15T09:45:40","date_gmt":"2016-01-15T08:45:40","guid":{"rendered":"http:\/\/temporaneo.arciserviziocivile.it\/ascnetwork\/vicenza\/?page_id=17"},"modified":"2018-07-17T13:31:32","modified_gmt":"2018-07-17T11:31:32","slug":"chi-siamo","status":"publish","type":"page","link":"https:\/\/temporaneo.arciserviziocivile.it\/vicenza\/chi-siamo\/","title":{"rendered":"CHI SIAMO"},"content":{"rendered":"<p><img loading=\"lazy\" decoding=\"async\" class=\"wp-image-1309 alignleft\" src=\"http:\/\/temporaneo.arciserviziocivile.it\/ascnetwork\/vicenza\/wp-content\/uploads\/sites\/2\/images-1.jpg\" alt=\"\" width=\"396\" height=\"224\" \/><\/p>\n<p>&nbsp;<\/p>\n<div class=\"_2cuy _3dgx _2vxa\"><strong><span class=\"_4yxo\">Arci Servizio Civile Vicenza<\/span><\/strong> \u00e8 un\u2019associazione di promozione sociale nata nel 2001. L\u2019associazione \u00e8 senza fini di lucro ed \u00e8 ente di prima classe accreditato presso l\u2019Ufficio Nazionale per il Servizio Civile. L\u2019associazione opera per diffondere la cultura e le pratiche del <span class=\"_4yxo\">Servizio Civile Volontario<\/span> sul territorio concretizzandole attraverso la gestione di progetti di Servizio Civile e l\u2019offerta di servizi connessi alla loro realizzazione. <strong>Arci Servizio Civile Vicenza (ASC Vicenza)<\/strong> promuove i valori della <span class=\"_4yxo\">pace<\/span>, della <span class=\"_4yxo\">nonviolenza<\/span>, della <span class=\"_4yxo\">convivenza tra popoli<\/span>, dell\u2019obiezione di coscienza al servizio militare, e del servizio civile come forma di educazione alla cittadinanza e di contributo innovativo alle politiche pubbliche.<\/div>\n<div><\/div>\n<div class=\"_2cuy _3dgx _2vxa\">In generale ASC Vicenza, attraverso la progettazione di Servizio Civile, opera in ambito <strong><span class=\"_4yxo\">assistenziale<\/span><\/strong> (assistenza anziani e disabili), <strong><span class=\"_4yxo\">educazione <\/span><\/strong>(bambini e ragazzi),<strong> <span class=\"_4yxo\">promozione culturale<\/span><\/strong> (organizzazioni attivit\u00e0 culturali) e<strong> <span class=\"_4yxo\">nella cura e conservazione del patrimonio artistico e culturale<\/span><\/strong> (musei e biblioteche).<\/div>\n<div><\/div>\n<div class=\"_2cuy _3dgx _2vxa\"><strong><span class=\"_4yxo\">ASC Vicenza<\/span><\/strong> gestisce per conto dei propri soci e partner <span class=\"_4yxo\">circa <strong>70 volontari all\u2019anno<\/strong><\/span> di cui la met\u00e0 operano in <span class=\"_4yxo\">realt\u00e0 culturali della provincia<\/span> (circoli Arci, circoli culturali, fondazioni e teatri) e l\u2019altra met\u00e0 opera nelle sedi dei <strong><span class=\"_4yxo\">partner istituzionali<\/span><\/strong> (Comune di Schio, Asiago, Valdagno, Unione Montana Alto Astico, Camisano Vicentino, Valli del Pasubio, Sovizzo, Malo, San Vito di Leguzzano, IPAB Vicenza e Ipab Caltrano). L\u2019associazione durante l\u2019anno coordina le selezioni, la formazione e il monitoraggio dei volontari.<\/div>\n<div><\/div>\n<div class=\"_2cuy _3dgx _2vxa\">Nel corso degli anni l\u2019associazione si \u00e8 orientata alla realizzazione di progetti di <strong><span class=\"_4yxo\">animazione verso i giovan<\/span>i<\/strong> e nello specifico nel coinvolgerli nell\u2019<span class=\"_4yxo\">organizzazione di eventi<\/span> e in attivit\u00e0 di <strong>diffusione culturale<\/strong>, rendendola un soggetto riconosciuto nel territorio, non solo come agenzia formativa, ma anche come operatore culturale e di animazione sociale.<\/div>\n<div><\/div>\n<div class=\"_2cuy _3dgx _2vxa\">Dal <strong>2013 al 2017<\/strong> ASC Vicenza ha gestito, per conto del Comune di Vicenza, il <strong><span class=\"_4yxo\">Polo Giovani B55<\/span><\/strong> uno spazio polifunzionale in centro citt\u00e0, mentre da Aprile 2018, assieme ad altre realt\u00e0 del territorio ha in gestione <strong><span class=\"_4yxo\">Porto Burci <\/span><\/strong>uno spazio formativo, culturale e aggregativo che ha come obiettivo la progettazione partecipata e la cittadinanza attiva. All\u2019interno di <strong><span class=\"_4yxo\">Porto Burci<\/span> <\/strong>vengono organizzate varie attivit\u00e0 tra cui: incontri di attualit\u00e0 e approfondimento, corsi di teatro, di ballo, lezioni di cucito e falegnameria artistica, corsi di lettura ad alta voce, proiezioni cinematografiche.<\/div>\n<div><\/div>\n<div class=\"_2cuy _3dgx _2vxa\"><span class=\"_4yxo\">Lo staff di ASC Vicenza<\/span> \u00e8 composto da <strong><span class=\"_4yxo\">formatori, sociologi, educatori, progettisti, selezionatori e personale amministrativ<\/span>o<\/strong>. La particolarit\u00e0 dello staff \u00e8 la variet\u00e0 dei percorsi formativi e lavorativi dei diversi membri, che va dall\u2019organizzazione di eventi culturali, all\u2019educazione di giovani, alla progettazione europea, ad esperienze di mediazione interculturale.<\/div>\n","protected":false},"excerpt":{"rendered":"<p>&nbsp; Arci Servizio Civile Vicenza \u00e8 un\u2019associazione di promozione sociale nata nel 2001. L\u2019associazione \u00e8 senza fini di lucro ed \u00e8 ente di prima classe accreditato presso l\u2019Ufficio Nazionale per&#8230;<\/p>\n","protected":false},"author":3,"featured_media":0,"parent":0,"menu_order":0,"comment_status":"closed","ping_status":"closed","template":"","meta":{"footnotes":""},"_links":{"self":[{"href":"https:\/\/temporaneo.arciserviziocivile.it\/vicenza\/wp-json\/wp\/v2\/pages\/17"}],"collection":[{"href":"https:\/\/temporaneo.arciserviziocivile.it\/vicenza\/wp-json\/wp\/v2\/pages"}],"about":[{"href":"https:\/\/temporaneo.arciserviziocivile.it\/vicenza\/wp-json\/wp\/v2\/types\/page"}],"author":[{"embeddable":true,"href":"https:\/\/temporaneo.arciserviziocivile.it\/vicenza\/wp-json\/wp\/v2\/users\/3"}],"replies":[{"embeddable":true,"href":"https:\/\/temporaneo.arciserviziocivile.it\/vicenza\/wp-json\/wp\/v2\/comments?post=17"}],"version-history":[{"count":16,"href":"https:\/\/temporaneo.arciserviziocivile.it\/vicenza\/wp-json\/wp\/v2\/pages\/17\/revisions"}],"predecessor-version":[{"id":3276,"href":"https:\/\/temporaneo.arciserviziocivile.it\/vicenza\/wp-json\/wp\/v2\/pages\/17\/revisions\/3276"}],"wp:attachment":[{"href":"https:\/\/temporaneo.arciserviziocivile.it\/vicenza\/wp-json\/wp\/v2\/media?parent=17"}],"curies":[{"name":"wp","href":"https:\/\/api.w.org\/{rel}","templated":true}]}}