{"id":882,"date":"2016-01-22T11:25:21","date_gmt":"2016-01-22T10:25:21","guid":{"rendered":"http:\/\/temporaneo.arciserviziocivile.it\/ascnetwork\/roma\/?page_id=882"},"modified":"2019-05-20T16:50:37","modified_gmt":"2019-05-20T14:50:37","slug":"curriculum","status":"publish","type":"page","link":"https:\/\/temporaneo.arciserviziocivile.it\/roma\/curriculum\/","title":{"rendered":"CURRICULUM"},"content":{"rendered":"<p style=\"text-align: justify\"><img loading=\"lazy\" decoding=\"async\" class=\"wp-image-82 alignnone\" src=\"http:\/\/temporaneo.arciserviziocivile.it\/ascnetwork\/roma\/wp-content\/uploads\/sites\/3\/logo_ascr_-265x300.jpg\" alt=\"logo_ascr_\" width=\"127\" height=\"144\" srcset=\"https:\/\/temporaneo.arciserviziocivile.it\/roma\/wp-content\/uploads\/sites\/3\/logo_ascr_-265x300.jpg 265w, https:\/\/temporaneo.arciserviziocivile.it\/roma\/wp-content\/uploads\/sites\/3\/logo_ascr_.jpg 664w\" sizes=\"(max-width: 127px) 100vw, 127px\" \/><\/p>\n<p style=\"text-align: justify\">Denominazione\u00a0: <strong>ASC Roma<\/strong><\/p>\n<p style=\"text-align: justify\"><strong>Ente accreditato al Servizio Civile, Associazione di Promozione Sociale<\/strong><\/p>\n<p style=\"text-align: justify\">Atto Costitutivo: <strong>27 marzo 2001<\/strong><\/p>\n<p style=\"text-align: justify\">Finalit\u00e0: <strong>promozione dei valori della pace, del disarmo, della nonviolenza, dell\u2019obiezione di coscienza al servizio militare e del servizio civile come forma di educazione alla cittadinanza e di contributo innovativo alle politiche a finalit\u00e0 pubblica<\/strong><\/p>\n<p style=\"text-align: justify\">N.progetti SCN realizzati: <strong>196<\/strong><\/p>\n<p style=\"text-align: justify\">N. volontari coinvolti:\u00a0<strong>1200<\/strong><\/p>\n<hr \/>\n<p style=\"text-align: justify\"><span style=\"color: #000000\"><strong>ATTIVITA&#8217; DI PROMOZIONE SOCIALE<\/strong><\/span><\/p>\n<p style=\"text-align: justify\">Supporto e pa<img loading=\"lazy\" decoding=\"async\" class=\"wp-image-751 alignleft\" src=\"http:\/\/temporaneo.arciserviziocivile.it\/ascnetwork\/roma\/wp-content\/uploads\/sites\/3\/0_cs_30_gen-205x300.jpg\" alt=\"0_cs_30_gen\" width=\"122\" height=\"179\" srcset=\"https:\/\/temporaneo.arciserviziocivile.it\/roma\/wp-content\/uploads\/sites\/3\/0_cs_30_gen-205x300.jpg 205w, https:\/\/temporaneo.arciserviziocivile.it\/roma\/wp-content\/uploads\/sites\/3\/0_cs_30_gen.jpg 550w\" sizes=\"(max-width: 122px) 100vw, 122px\" \/>rtecipazione attiva alle seguenti <strong>Campagne e Petizioni<\/strong>:<\/p>\n<p style=\"text-align: justify\">Un&#8217;altra difesa \u00e8 possibile &#8211; Tagliamo le Ali alle Armi &#8211;\u00a0Siamo qui per il Servizio Civile &#8211; L&#8217;Italia sono anch&#8217;io &#8211;\u00a0L&#8217;acqua bene comune<\/p>\n<p style=\"text-align: justify\">Partecipazione e realizzazione di <strong>progetti di promozione sociale:<\/strong><\/p>\n<p style=\"text-align: justify\"><strong>2015<\/strong>: Tresca Europe &#8211; in collaborazione con Arci Solidariet\u00e0 e Fundaci\u00f3 Catalana de l&#8217;Esplai<\/p>\n<p style=\"text-align: justify\"><strong>2012-13<\/strong>: PerCorsi di Cittadinanza attiva e di Formazione &#8211; progetto finanziato dalla Fondazione Roma Terzo Settore<\/p>\n<p style=\"text-align: justify\"><strong>2014<\/strong>: PerCorsi 2 &#8211; progetto finanziato dalla Fondazione Banca Nazionale delle\u00a0Com<img loading=\"lazy\" decoding=\"async\" class=\" wp-image-508 alignright\" src=\"http:\/\/temporaneo.arciserviziocivile.it\/ascnetwork\/roma\/wp-content\/uploads\/sites\/3\/fotocampo_notizia_rosanna.jpg\" alt=\"fotocampo_notizia_rosanna\" width=\"169\" height=\"127\" \/>unicazioni (BNC)<\/p>\n<p style=\"text-align: justify\"><strong>Progetti extra, autofinanziati, per volontari<\/strong> in servizio civile<\/p>\n<p style=\"text-align: justify\"><strong>2011<\/strong>, San Polo di Tarano, Rieti &#8211; \u00a0Campo di servizio civile &#8211; esperienza<br \/>\nresidenziale di formazione e autogestione<\/p>\n<p style=\"text-align: justify\"><span style=\"color: #000000\"><strong>2009-2010<\/strong>,<\/span> Laboratori di servizio civile: SCLab e Alternaja<\/p>\n<p style=\"text-align: justify\">Partecipazione alle Marce Perugia-Assisi<\/p>\n<p style=\"text-align: justify\"><strong>2009<\/strong>, Partecipazione al post emergenza in Abruzzo<\/p>\n<hr \/>\n<p style=\"text-align: justify\"><strong>CONSULENZA AGLI ENTI TERZI<\/strong><\/p>\n<p style=\"text-align: justify\"><b>Dal 2004 ad oggi<\/b>: Consulenza ad Enti esterni sul servizio civile in materia di: accreditamento; progettazione; formazione; selezione, gestione.<\/p>\n<p style=\"text-align: justify\">Enti che si sono rivolti a noi:<br \/>\nProvincia di Roma, Osservatorio Provinciale dei Rifiuti e Protezione Civile, Comune di Morolo, Comune di Piglio, Comune di Valmontone, Comune di Boville Ernica, Istituto Statale dei Sordi, Comune di Paliano, Comune di Terracina, Associazione Perla, Comune di Fara Sabina<\/p>\n<hr \/>\n<p style=\"text-align: justify\"><strong>PROMOZIONE DEL SERVIZIO CIVILE<\/strong><\/p>\n<p style=\"text-align: justify\"><span style=\"color: #000000\"><strong>Dal 2008 ad oggi<\/strong><\/span><br \/>\n<span style=\"color: #000000\"> Ogni anno, sia durante lo svolgimento dei progetti SCN, sia durante l&#8217;apertura dei bandi nazionali, vengono realizzate campagne di promozione del servizio civile, ideate e realizzate insieme ai volontari in servizio.<\/span><\/p>\n<p style=\"text-align: justify\"><span style=\"color: #000000\"><strong>2005-2008<\/strong> Incontri pubblici di presentazione progetti ad ogni bando;<\/span><br \/>\n<span style=\"color: #000000\"> Incontri di orientamento durante il bando<\/span><br \/>\n<span style=\"color: #000000\"> Banchetti informativi in vari eventi cittadini. In particolare \u201cRoma incontra il mondo\u201d e \u201cIntermundia\u201d<\/span><br \/>\n<span style=\"color: #000000\"> <b><br \/>\n2006-2007<\/b>:incontri nelle V classi delle scuole ed istituti superiori di Roma<\/span><br \/>\n<span style=\"color: #000000\"> Le scuole in cui siamo stati:<\/span><br \/>\n<span style=\"color: #000000\"> I.T.C. S. Vittorio Bachelet, Via di Nazareth 150, Roma<\/span><br \/>\n<span style=\"color: #000000\"> I.T.C. Botticelli, Viale della Primavera, 207<\/span><br \/>\n<span style=\"color: #000000\"> Ragazzi che abbiamo conosciuto nelle scuole dal 2006: circa 700<\/span><\/p>\n<p style=\"text-align: justify\"><span style=\"color: #000000\"><strong>2006<\/strong><\/span><br \/>\n<span style=\"color: #000000\"> <a style=\"color: #000000\" href=\"http:\/\/www.serviziocivilelazio.it\/\" target=\"_blank\" rel=\"noopener noreferrer\">Progetto sulla promozione e informazione sul Servizio Civile finanziato dalla Regione Lazio<\/a> in collaborazione con il CRESC- Conferenza Regionale Enti di Servizio Civile del Lazio, CESV e SPES.<\/span><br \/>\n<span style=\"color: #000000\"> Sono stati organizzati diversi incontri di orientamento e promozione del servizio civile con gli Enti potenzialmente interessati a progettare al fine di sensibilizzare ad una maggiore qualit\u00e0 dell\u2019esperienza di servizio offerta ai futuri volontari.<\/span><\/p>\n<hr \/>\n<p style=\"text-align: justify\"><span style=\"color: #000000\"><b>FORMAZIONE<\/b><\/span><span style=\"color: #000000\"><br \/>\n<\/span><\/p>\n<p style=\"text-align: justify\"><span style=\"color: #000000\"><strong>Dal 2002 ad oggi<\/strong><\/span><br \/>\n<span style=\"color: #000000\"> <strong>Formazione generale<\/strong> al servizio civile: 32 ore d\u2019aula divise in 4 giornate da 8 ore, Formazione a Distanza. I docenti, dello staff nazionale di ASC, sono formatori accreditatai all\u2019Ufficio Nazionale per il Servizio Civile.<\/span><\/p>\n<p style=\"text-align: justify\">Questi i corsi obbligatori per ogni volontario:<br \/>\n1\u00b0giornata: Democrazia e partecipazione<br \/>\n2\u00b0giornata: Disagio giovanile e diversita&#8217;<br \/>\n3\u00b0giornata: Gestione nonviolenta dei conflitti<br \/>\n4\u00b0giornata: Protezione civile e i rischi sul territorio<br \/>\nDal 2002 sono stati organizzati <strong>247 corsi<\/strong> per totali <strong>2000 ore di formazione<\/strong> generale.<br \/>\n<b><\/b><\/p>\n<p style=\"text-align: justify\"><b>Dal 2007 ad oggi<\/b><br \/>\n<strong>Formazione a distanza (F.A.D.)<\/strong>: dal 2007 abbiamo una <strong>piattaforma di formazione a distanza<\/strong> accessibile da tutti i volontari di Arci Servizio Civile in Italia; uno spunto in pi\u00f9 per riflettere sulle tematiche affrontate in aula con la formazione generale. Anche questo percorso \u00e8 obbligatorio ed \u00e8 conteggiabile forfettariamente in10 ore.<br \/>\nPer andare al sito della F.A.D. clicca <a style=\"color: #000000\" href=\"http:\/\/www.ascformazione.net\/\" target=\"_blank\" rel=\"noopener noreferrer\">qu<\/a>i.<\/p>\n<p style=\"text-align: justify\"><strong>2005 ad oggi<\/strong><br \/>\n<strong>Formazione aggiuntiva partecipata<\/strong>: corsi di 4 ore circa su tematiche scelte dai volontari. I docenti sono scelti tra i professionisti operanti all\u2019interno dei nostri soci e partners. L\u2019esperienza si ripete ogni anno e trova sempre una buona adesione.<br \/>\nQueste le tematiche affrontate:<\/p>\n<ul style=\"text-align: justify\">\n<li style=\"text-align: justify\">Con ARCI- Promozione sociale, associazionismo e normativa:\u00a0Immigrazione, emigrazione, interculturalit\u00e0\u00a0&#8211; Decrescita\u00a0&#8211; Creative commons\u00a0&#8211; Rom tra mito stereotipo<\/li>\n<li style=\"text-align: justify\">Con LEGAMBIENTE:\u00a0 Eco sostenibilit\u00e0 ed eco compatibilit\u00e0<\/li>\n<li style=\"text-align: justify\">Con UISP:\u00a0Comunicazione sociale nel Terzo Settore<\/li>\n<li style=\"text-align: justify\">Con NidiL e CGIL:\u00a0Lavoro. Normative e contratti<\/li>\n<li style=\"text-align: justify\">Con IRSIFAR e Casa della Memoria e della Storia:\u00a0Resistenza e Costituzione &#8211; Il processo di costruzione dell\u2019Europa\u00a0&#8211; Il ruolo delle donne nella Resistenza\u00a0 e\u00a0 la conquista del voto. Le battaglie per la parit\u00e0\u00a0&#8211; Il confine orientale. Le foibe e l\u2019esodo\u00a0&#8211; La Costituzione italiana e le parole della democrazia\u00a0&#8211; La memoria del 12 dicembre\u00a0&#8211; Roma tra guerra e Resistenza<\/li>\n<li style=\"text-align: justify\">Con ANPAS e Rieti Cuore:\u00a0Elementi di Primo Soccorso, BLS e BLSD<\/li>\n<li style=\"text-align: justify\">Con ASC:\u00a0So-Stare nel conflitto. Azione diretta nonviolenta &#8211;\u00a0Musica, censura e impegno civile &#8211;\u00a0Unione Europea. Storia, allargamento e cittadinanza attiva\u00a0&#8211; Protezione civile<\/li>\n<li style=\"text-align: justify\">Con Circolo Mario Mieli:\u00a0La storia del movimento LGBT<\/li>\n<\/ul>\n<p style=\"text-align: justify\"><strong>Dal 2005 sono stati svolti 64 corsi.<\/strong><\/p>\n<p style=\"text-align: justify\">Questo vasto corredo formativo, da considerarsi in aggiunta alla formazione specifica (72\/80 ore circa) svolta da ciascun ente su tematiche specifiche del progetto, rappresenta il valore aggiunto dei nostri progetti di servizio civile.<\/p>\n<p style=\"text-align: justify\">Oltre a questo Arci Servizio Civile Roma punta anche sulla<strong> formazione del proprio staff.<\/strong><br \/>\nCorsi a cui ha partecipato lo staff di ASC Roma:<br \/>\n2008,19, 20, 21 febbraio: Roma, Corso di formazione sulla discriminazione- Arci Roma- Progetto Equal Reti di iniziativa territoriale antidiscriminazione.<br \/>\n2007, 12 ottobre: Firenze, Corso sulla nonviolenza condotto da Path Patfoort \u2013 Arci Servizio Civile<br \/>\n2007,12 gennaio &#8211; 7 marzo: Roma, corso di progettazione sociale (70 ore d\u2019aula) &#8211; Citt\u00e0 Visibile Onlus e Arci Solidariet\u00e0 Lazio<\/p>\n<p style=\"text-align: justify\"><strong>Corsi di formazione ed aggiornamento<\/strong> realizzati da Arci Servizio Civile per le sedi locali:<\/p>\n<p style=\"text-align: justify\"><span style=\"color: #000000\">2016, gennaio: Seminario APS &#8220;L&#8217;Associazionismo di Promozione Sociale verso un Servizio Civile Universale ed Europeo: appunti di viaggio&#8221;<\/span><br \/>\n<span style=\"color: #000000\"> 2015, novembre: Focus group APS &#8220;L&#8217;Associazionismo di Promozione Sociale verso un Servizio Civile Universale ed Europeo: appunti di viaggio&#8221;<\/span><br \/>\n2014, novembre: Seminario APS &#8220;Al servizio delle reti sociali&#8221;<br \/>\n2014, settembre: Focus group APS &#8220;Al servizio delle reti sociali&#8221;<br \/>\n2010, ottobre, novembre e dicembre: Corso per formatori e operatori &#8220;PerForma&#8221;<br \/>\n2009, luglio, Corso per i Responsabili informazione e selezione SCN<br \/>\n2007, maggio, Corso aggiornamento Selettori SCN<br \/>\n2006, giugno: Corso per Tutor di volontari SCN<br \/>\n2006, marzo: Corso per Responsabili Locali Ente Accreditato al SCN<br \/>\n2006, febbraio: Corso per la Selezione di Volontari in SCN<br \/>\n2005, maggio: Corso sulle nuove normative per la Selezione di Volontari in SCN<br \/>\n2005, aprile: Corso sulla progettazione al SCN<br \/>\n2005, marzo: Corso sulle nuove normative e sulla gestione di Enti Servizio Civile<br \/>\n2004, settembre:Corso sulle Selezioni per il Servizio Civile<br \/>\n2004, maggio: Corso sulla progettazione al Servizio Civile<\/p>\n<hr \/>\n<div style=\"text-align: justify\"><strong>SERVIZIO CIVILE: BANDI E GESTIONE IN SERVIZIO<\/strong><br \/>\n<strong> 2002-2015<\/strong><\/div>\n<div style=\"text-align: justify\"><\/div>\n<div style=\"text-align: justify\">Sin dai primi bandi per la selezione di giovani in servizio civile nazionale (L.64\/01), ASC Roma gestisce per i suoi soci e partner la <strong>promozione e raccolta domande<\/strong> da parte dei giovani, la <strong>selezione<\/strong> degli stessi, l&#8217;<strong>accoglienza e inserimento<\/strong> nelle sedi di progetto e la <strong>gestione<\/strong> ordinaria del servizio dei volontari, nonch\u00e9 una costante attivit\u00e0 di tutoraggio e monitoraggio.<\/div>\n<div style=\"text-align: justify\">Dal 2002 abbiamo avviato al servizio civile circa <strong>1.365 giovani<\/strong> e realizzato con i nostri soci <strong>233 progetti SCN.<\/strong><\/div>\n<div><\/div>\n<div>2018- 1\u00b0 bando : 12 progetti, n.54 volontari<\/div>\n<div>2017- 1\u00b0 bando : 12 progetti, n.44 volontari; bando CCP: 1 progetto, n.4 volontarie<\/div>\n<div style=\"text-align: justify\">2016- 1\u00b0 bando : 12 progetti, n.63 volontari<\/div>\n<div style=\"text-align: justify\">\n<div>\n<div>\n<div>\n<div>\n<div>2015 &#8211; 1\u00b0 bando : 15 progetti, n.95 volontari<\/div>\n<div>2014 &#8211; 1\u00b0 bando SCN &#8211; Garanzia Giovani: 1 progetto, n.10 volontari<\/div>\n<\/div>\n<div>2013 &#8211; 1\u00b0 bando: 9 progetti, n.60 volontari<\/div>\n<\/div>\n<div>2011 -1\u00b0 bando: 10 progetti, n.52 volontari<\/div>\n<div>2010 &#8211; 1\u00b0 bando: 6 progetti, n.33 volontari<\/div>\n<\/div>\n<div>2009 &#8211; 1\u00b0 bando: 14 progetti, n.74 volontari<\/div>\n<\/div>\n<div>2008 &#8211; 1\u00b0 bando: 10 progetti, n.73 volontari<\/div>\n<\/div>\n<div style=\"text-align: justify\">2007 &#8211;\u00a01\u00b0 bando: 20 progetti, n.141 volontari;\u00a02\u00b0 bando: 1 progetto, n. 4 volontari<\/div>\n<div style=\"text-align: justify\">2006 &#8211;\u00a01\u00b0 bando: 1 progetti, n. 3 volontari;\u00a02\u00b0 bando: 30 progetti, n.196 volontari<\/div>\n<div style=\"text-align: justify\">2005 &#8211;\u00a01\u00b0 bando: 1 progetti, n. 3 volontari;\u00a02\u00b0 bando: 17 progetti, n. 80 volontari<\/div>\n<div style=\"text-align: justify\">2004 &#8211;\u00a01\u00b0 bando: 12 progetti, n. 45 volontari;\u00a02\u00b0 bando: 12 progetti, n. 90 volontari<\/div>\n<div style=\"text-align: justify\">2003 &#8211;\u00a01\u00b0 bando: 12 progetti, n. 82 volontari;\u00a02\u00b0 bando: 13 progetti, n. 77 volontari<\/div>\n<div style=\"text-align: justify\">2002 &#8211;\u00a01\u00b0 bando: 6 progetti, n. 52 volontari;\u00a02\u00b0 bando: 6 progetti, n. 31 volontari<\/div>\n<div style=\"text-align: justify\">\n<hr \/>\n<\/div>\n<p style=\"text-align: justify\"><strong>OBIEZIONE DI COSCIENZA (Legge 230\/98)<\/strong><\/p>\n<p style=\"text-align: justify\"><strong>2006-2015<\/strong><br \/>\nNonostante la sospensione della leva obbligatoria (a far data dal 1\u00b0 gennaio 2006) ASC Roma ha continuato la propria attivit\u00e0 nel campo della odc sia sul fronte politico-culturale (organizzando incontri pubblici sul tema, seminari di valutazione dell&#8217;esperienza, formazione verso i Volontari in SCN sulla storia ed il significato della ODC, corsi di formazione misti volontari\/obiettori), sia di sportello informativo per i ragazzi sul dopo servizio civile sostitutivo, sulle modalit\u00e0 di ottenimento del congedo, sulle limitazioni conseguenti la scelta della ODC, sulla evoluzione normativa, nonch\u00e8 disbrigo ulteriori pratiche residue.<\/p>\n<p style=\"text-align: justify\"><strong>2001-2005<\/strong><br \/>\nNell\u2019ambito della gestione della convenzione tra Arci Servizio Civile ed Ufficio Nazionale Servizio Civile, Arci Servizio Civile Roma ha disposto di oltre 200 posti per obiettori, suddivisi tra circa 60 associazioni, fondazioni, istituti, circoli, sindacati.<br \/>\nGli obiettori assegnati nel periodo di riferimento ammontano a circa 800 unit\u00e0.<\/p>\n<p style=\"text-align: justify\">Le attivit\u00e0 svolte sono:<br \/>\n\u00b7 sportello informativo (rinvio servizio militare, domanda obiezione di coscienza, posti disponibili, dispense, Lisaac, trasferimenti, articolo 14, diritti e doveri, con circa 1.000 contatti annuali)<br \/>\n\u00b7 corsi di formazione (storia e cultura della obiezione di coscienza e del servizio civile, diritti e doveri, gestione e mediazione dei conflitti, intercultura, protezione civile)<br \/>\n\u00b7 gestione del servizio civile (attivit\u00e0, riunioni, fornitura vitto, diritti e doveri, licenze e permessi, amministrazione, paghe, disciplina, fogli matricolari).<\/p>\n<p><em>Aggiornato a dicembre 2015<\/em><\/p>\n","protected":false},"excerpt":{"rendered":"<p>Denominazione\u00a0: ASC Roma Ente accreditato al Servizio Civile, Associazione di Promozione Sociale Atto Costitutivo: 27 marzo 2001 Finalit\u00e0: promozione dei valori della pace, del disarmo, della nonviolenza, dell\u2019obiezione di coscienza&#8230;<\/p>\n","protected":false},"author":1,"featured_media":0,"parent":0,"menu_order":0,"comment_status":"closed","ping_status":"closed","template":"","meta":{"footnotes":""},"_links":{"self":[{"href":"https:\/\/temporaneo.arciserviziocivile.it\/roma\/wp-json\/wp\/v2\/pages\/882"}],"collection":[{"href":"https:\/\/temporaneo.arciserviziocivile.it\/roma\/wp-json\/wp\/v2\/pages"}],"about":[{"href":"https:\/\/temporaneo.arciserviziocivile.it\/roma\/wp-json\/wp\/v2\/types\/page"}],"author":[{"embeddable":true,"href":"https:\/\/temporaneo.arciserviziocivile.it\/roma\/wp-json\/wp\/v2\/users\/1"}],"replies":[{"embeddable":true,"href":"https:\/\/temporaneo.arciserviziocivile.it\/roma\/wp-json\/wp\/v2\/comments?post=882"}],"version-history":[{"count":65,"href":"https:\/\/temporaneo.arciserviziocivile.it\/roma\/wp-json\/wp\/v2\/pages\/882\/revisions"}],"predecessor-version":[{"id":2619,"href":"https:\/\/temporaneo.arciserviziocivile.it\/roma\/wp-json\/wp\/v2\/pages\/882\/revisions\/2619"}],"wp:attachment":[{"href":"https:\/\/temporaneo.arciserviziocivile.it\/roma\/wp-json\/wp\/v2\/media?parent=882"}],"curies":[{"name":"wp","href":"https:\/\/api.w.org\/{rel}","templated":true}]}}