{"id":9,"date":"2016-03-14T15:03:03","date_gmt":"2016-03-14T14:03:03","guid":{"rendered":"http:\/\/temporaneo.arciserviziocivile.it\/ascnetwork\/rimini\/?page_id=9"},"modified":"2020-12-29T11:16:32","modified_gmt":"2020-12-29T10:16:32","slug":"curriculum","status":"publish","type":"page","link":"https:\/\/temporaneo.arciserviziocivile.it\/fvg\/curriculum\/","title":{"rendered":"CURRICULUM"},"content":{"rendered":"\n<div class=\"wp-block-image\"><figure class=\"aligncenter size-large\"><img loading=\"lazy\" decoding=\"async\" width=\"1024\" height=\"564\" src=\"https:\/\/temporaneo.arciserviziocivile.it\/fvg\/wp-content\/uploads\/sites\/41\/2020\/12\/Logo-ASC-FVG-4-Api-Vettoriale_page-0001-1-1024x564.jpg\" alt=\"\" class=\"wp-image-691\" srcset=\"https:\/\/temporaneo.arciserviziocivile.it\/fvg\/wp-content\/uploads\/sites\/41\/2020\/12\/Logo-ASC-FVG-4-Api-Vettoriale_page-0001-1-1024x564.jpg 1024w, https:\/\/temporaneo.arciserviziocivile.it\/fvg\/wp-content\/uploads\/sites\/41\/2020\/12\/Logo-ASC-FVG-4-Api-Vettoriale_page-0001-1-300x165.jpg 300w, https:\/\/temporaneo.arciserviziocivile.it\/fvg\/wp-content\/uploads\/sites\/41\/2020\/12\/Logo-ASC-FVG-4-Api-Vettoriale_page-0001-1-768x423.jpg 768w, https:\/\/temporaneo.arciserviziocivile.it\/fvg\/wp-content\/uploads\/sites\/41\/2020\/12\/Logo-ASC-FVG-4-Api-Vettoriale_page-0001-1.jpg 1043w\" sizes=\"(max-width: 1024px) 100vw, 1024px\" \/><\/figure><\/div>\n\n\n\n<p><strong>Denominazione:<\/strong> Arci Servizio Civile del Friuli-Venezia Giulia APS<\/p>\n\n\n\n<p>Ente accreditato al Servizio Civile, Associazione di Promozione Sociale.<\/p>\n\n\n\n<p><strong>Atto costitutivo<\/strong>: 9 febbraio 1996<\/p>\n\n\n\n<p><strong>Finalit\u00e0: <\/strong>promozione di una cultura di pace e solidariet\u00e0; educazione e promozione culturale e alla pratica sportiva; salvaguardia, tutela e fruizione del patrimonio della Nazione con particolare riguardo ai settori storico, artistico, ambientale; educazione alla legalit\u00e0 e alla progettazione partecipata.<\/p>\n\n\n\n<p><strong>Arci Servizio Civile FVG APS<\/strong> si occupa di coordinare le sedi operative presenti sul territorio regionale:<\/p>\n\n\n\n<ul><li>Arci Servizio Civile Trieste<\/li><li>Arci Servizio Civile Gorizia<\/li><li>Arci Servizio Civile Udine<\/li><li>Arci Servizio Civile Pordenone<\/li><\/ul>\n\n\n\n<hr class=\"wp-block-separator has-text-color has-background is-style-wide\" style=\"background-color:#319671;color:#319671\" \/>\n\n\n\n<h4 class=\"wp-block-heading\"><strong>PROMOZIONE DEL SERVIZIO CIVILE<\/strong><\/h4>\n\n\n\n<p>Nel 2007 <strong>Arci Servizio Civile FVG<\/strong>, assieme a ACLI e Federsolidariet\u00e0, ha creato <span style=\"color:#319671\" class=\"has-inline-color\">INFOSERVIZIOCIVILE<\/span>, al fine di poter assistere i giovani interessati al Servizio Civile e le Associazioni della Regione. Questo portale, infatti, \u00e8 stato pensato per poter rispondere a tutte le domande relative al Servizio Civile, dalla promozione dei bandi attivi, all\u2019assistenza in fase di iscrizione, all\u2019entrata in servizio degli operatori volontari. Oltre al <a rel=\"noreferrer noopener\" href=\"http:\/\/Infoserviziocivile \u2013 Consapevolezza e responsabilit\u00e0 per un ruolo sociale attivo\" target=\"_blank\">sito internet<\/a>, nel quale \u00e8 possibile trovare tutte le principali informazioni, INFOSERVIZIOCIVILE si occupa di promuovere i bandi attraverso incontri nelle scuole e nelle universit\u00e0 del Friuli-Venezia Giulia.<\/p>\n\n\n\n<p>Il progetto \u00e8 patrocinato dalla Regione Friuli-Venezia Giulia.<\/p>\n\n\n\n<hr class=\"wp-block-separator has-text-color has-background is-style-wide\" style=\"background-color:#319671;color:#319671\" \/>\n\n\n\n<h4 class=\"wp-block-heading\"><strong>SERVIZIO CIVILE SOLIDALE<\/strong><\/h4>\n\n\n\n<p>In Friuli-Venezia Giulia \u00e8 attivo il <span style=\"color:#319671\" class=\"has-inline-color\">Servizio Civile Solidale<\/span>, riservato ai giovani tra i 16 e i 18 anni. <strong>Arci Servizio Civile FVG<\/strong> dal 2009 promuove anche questo speciale tipo di Servizio Civile. Dall\u2019inizio, il numero di progetti attivati e di giovani volontari accolti \u00e8 cresciuto esponenzialmente, e continua a cresce, a riprova dell\u2019interesse dei giovani a partecipare attivamente nella comunit\u00e0 di riferimento.<\/p>\n\n\n\n<p>I progetti promossi coinvolgono i volontari nella creazione di attivit\u00e0 culturali, nel supporto a realt\u00e0 che si occupano di giovani con disabilit\u00e0, nella collaborazione con le realt\u00e0 della minoranza slovena presente sul territorio.<\/p>\n\n\n\n<hr class=\"wp-block-separator has-text-color has-background is-style-wide\" style=\"background-color:#319671;color:#319671\" \/>\n\n\n\n<h4 class=\"has-text-align-left wp-block-heading\"><strong>CONSULTA DEI VOLONTARI DI SERVIZIO CIVILE SOLIDALE<\/strong><\/h4>\n\n\n\n<p>Dal 2014<span class=\"has-inline-color has-vivid-red-color\"> <\/span><strong>Arci Servizio Civile FVG<\/strong> ha istituito la <span style=\"color:#319671\" class=\"has-inline-color\">Consulta dei volontari di Servizio Civile Solidale<\/span>. Ogni anno alcuni giovani volontari vengono eletti a rappresentanti e hanno il compito di fare da collegamento tra i volontari e l\u2019Ente. La Consulta \u00e8 invitata a partecipare ai Consigli direttivi di <strong>ASC FVG<\/strong>, sia per poter presentare personalmente eventuali problematiche o proposte, sia per poter meglio comprendere con funziona una realt\u00e0 cos\u00ec complessa come lo \u00e8 quella di<strong> Arci Servizio Civile del Friuli-Venezia Giulia<\/strong>.<\/p>\n\n\n\n<hr class=\"wp-block-separator has-text-color has-background is-style-wide\" style=\"background-color:#319671;color:#319671\" \/>\n\n\n\n<h4 class=\"wp-block-heading\"><strong>FORMAZIONE<\/strong><\/h4>\n\n\n\n<p>Oltre alla formazione generale e specifica obbligatoria, <strong>Arci Servizio Civile FVG<\/strong> organizza ogni anno dal 2014<span class=\"has-inline-color has-vivid-red-color\"> <\/span><span style=\"color:#319671\" class=\"has-inline-color\">CONTAMINAZIONI<\/span>, un ciclo di incontri mensili da gennaio a giugno, durante i quali gli operatori volontari e le Associazioni della rete di <strong>ASC FV<\/strong>G si incontrano. I temi trattati spaziano dalla tutela ambientale ai diritti della donna, dall\u2019inclusione di giovani con disabilit\u00e0 all\u2019uso dell\u2019arte teatrale come veicolo per la denuncia di problematiche sociali.<\/p>\n\n\n\n<p>Da alcuni anni, inoltre, viene organizzata la <span style=\"color:#319671\" class=\"has-inline-color\"><a rel=\"noreferrer noopener\" href=\"http:\/\/Scuola di Cittadinanza \u2013 SpaziAttivi\" target=\"_blank\">SCUOLA DI CITTADINANZA<\/a><\/span>, un\u2019esperienza formativa dedicata ai volontari di servizio civile e ai giovani impegnati nella cittadinanza attiva o interessati alle tematiche civili. Pur essendo promossa dall\u2019Associazione giovanile <em>#MaiDireMai &#8211; #NikoliRe\u010diNikoli<\/em>, le attivit\u00e0 proposte dalla <span style=\"color:#319671\" class=\"has-inline-color\">SCUOLA DI CITTADINANZA <\/span>rientrano a tutti gli effetti tra le proposte di <strong>Arci Servizio Civile FVG<\/strong>.<\/p>\n\n\n\n<hr class=\"wp-block-separator has-text-color has-background is-style-wide\" style=\"background-color:#319671;color:#319671\" \/>\n\n\n\n<h4 class=\"wp-block-heading\"><strong>SVE \u2013 SERVIZIO VOLONTARIO EUROPEO<\/strong><\/h4>\n\n\n\n<p><strong>Arci Servizio Civile FVG <\/strong>ha ospitato anche un progetto di <span style=\"color:#319671\" class=\"has-inline-color\">SVE<\/span>, un\u2019esperienza di volontariato internazionale. Consente ai giovani dai 17 ai 30 anni di vivere fino a 12 mesi all\u2019estero, mettendo a disposizione le proprie abilit\u00e0 e conoscenze in favore di organizzazioni no-profit. In particolare, le operatrici volontarie selezionate hanno avuto la possibilit\u00e0 di collaborare per nove mesi con le Associazioni della rete di <strong>ASC FVG<\/strong>, in particolare quelle a carattere ambientalista.<\/p>\n\n\n\n<hr class=\"wp-block-separator has-text-color has-background is-style-wide\" style=\"background-color:#319671;color:#319671\" \/>\n\n\n\n<h4 class=\"wp-block-heading\"><strong>#MAIDIREMAI &#8211; #NIKOLIRE\u010cINIKOLI<\/strong><\/h4>\n\n\n\n<p><em>#MaiDireMai &#8211; #NikoliRe\u010diNikoli<\/em> \u00e8 l\u2019Associazione giovanile nata nel 2015 dall\u2019esperienza di partecipazione attiva e responsabile all\u2019interno di <strong>Arci Servizio Civile del Friuli-Venezia Giulia<\/strong>, formata dall\u2019insieme di giovani operanti attualmente in progetti di servizio civile, giovani che hanno svolto attivit\u00e0 in qualit\u00e0 di ex obiettori o ex volontari, giovani che hanno fatto un loro percorso collaborando attivamente in varie iniziative, costituito in un soggetto unico radicato fortemente su tutto il territorio regionale. Vuole essere quindi il braccio creativo e operativo nata dall&#8217;esperienza di partecipazione attiva e responsabile all\u2019interno di <strong>Arci Servizio Civile del Friuli-Venezia Giulia.<\/strong><\/p>\n\n\n\n<p>\u00c8 iscritta al Registro Regionale delle Associazioni Giovanili, al Registro Regionale delle Associazioni di Promozione Sociale ed \u00e8 accreditata al <em>Progetto Area Giovani-PAG<\/em> del Comune di Trieste.<\/p>\n\n\n\n<hr class=\"wp-block-separator has-text-color has-background is-style-wide\" style=\"background-color:#319671;color:#319671\" \/>\n\n\n\n<h4 class=\"wp-block-heading\"><strong>TRIESTE ON SIGHT<\/strong><\/h4>\n\n\n\n<p>Ogni anno, tra la fine di giugno e l\u2019inizio di luglio, <strong>Arci Servizio Civile FVG<\/strong> organizza <span style=\"color:#319671\" class=\"has-inline-color\">Trieste On Sight<\/span>, una tre giorni su Carso Triestino, presso l\u2019Ostello Scout Alpe Adria, pensata come momento d\u2019incontro e di confronto tra i volontari, sia di Servizio Civile Solidale, che di Servizio Civile Universale.<\/p>\n\n\n\n<p>Incontri formativi, workshop creativi, presentazioni di libri, ma anche musica, buona cucina e divertimento. Se le attivit\u00e0 in programma durante la giornata sono riservate agli operatori volontari, dal tramonto il Villaggio Trieste On Sight si apre alla comunit\u00e0 con concerti dal vivo e ristorazione, con la possibilit\u00e0 di scegliere tra piatti della tradizione serba e prelibatezze provenienti da tutto il mondo.<\/p>\n\n\n\n<p>Un momento di condivisione e di scambio in cui i giovani sono liberi di esprimersi, sapendo di non restare inascoltati.<\/p>\n\n\n\n<hr class=\"wp-block-separator has-text-color has-background is-style-wide\" style=\"background-color:#319671;color:#319671\" \/>\n\n\n\n<h4 class=\"wp-block-heading\"><strong>NATURALMENTE \u2013 PINZANO AL TAGLIAMENTO<\/strong><\/h4>\n\n\n\n<p>A fine aprile le attivit\u00e0 di <strong>ASC FVG <\/strong>si spostano per alcuni giorni nella Pedemontana pordenonese, a Pinzano al Tagliamento.<span style=\"color:#319671\" class=\"has-inline-color\"> Naturalmente<\/span> \u00e8 un appuntamento fisso del calendario di <strong>ASC FVG<\/strong> ormai da alcuni anni e, come suggerito dal nome, le attivit\u00e0 in programma sono strettamente legate all\u2019ambiente e alla natura. Camminate nei boschi attorno a Pinzano o lungo il fiume Tagliamento, workshop di land-art, incontri formativi riguardo le pi\u00f9 svariate tematiche ambientali, serate musicali e proiezioni di film di montagna. Queste sono solo alcune delle esperienze che i volontari coinvolti vivono durante questa esperienza.<\/p>\n","protected":false},"excerpt":{"rendered":"<p>Denominazione: Arci Servizio Civile del Friuli-Venezia Giulia APS Ente accreditato al Servizio Civile, Associazione di Promozione Sociale. Atto costitutivo: 9 febbraio 1996 Finalit\u00e0: promozione di una cultura di pace e&#8230;<\/p>\n","protected":false},"author":49,"featured_media":0,"parent":0,"menu_order":0,"comment_status":"closed","ping_status":"closed","template":"","meta":{"footnotes":""},"_links":{"self":[{"href":"https:\/\/temporaneo.arciserviziocivile.it\/fvg\/wp-json\/wp\/v2\/pages\/9"}],"collection":[{"href":"https:\/\/temporaneo.arciserviziocivile.it\/fvg\/wp-json\/wp\/v2\/pages"}],"about":[{"href":"https:\/\/temporaneo.arciserviziocivile.it\/fvg\/wp-json\/wp\/v2\/types\/page"}],"author":[{"embeddable":true,"href":"https:\/\/temporaneo.arciserviziocivile.it\/fvg\/wp-json\/wp\/v2\/users\/49"}],"replies":[{"embeddable":true,"href":"https:\/\/temporaneo.arciserviziocivile.it\/fvg\/wp-json\/wp\/v2\/comments?post=9"}],"version-history":[{"count":6,"href":"https:\/\/temporaneo.arciserviziocivile.it\/fvg\/wp-json\/wp\/v2\/pages\/9\/revisions"}],"predecessor-version":[{"id":930,"href":"https:\/\/temporaneo.arciserviziocivile.it\/fvg\/wp-json\/wp\/v2\/pages\/9\/revisions\/930"}],"wp:attachment":[{"href":"https:\/\/temporaneo.arciserviziocivile.it\/fvg\/wp-json\/wp\/v2\/media?parent=9"}],"curies":[{"name":"wp","href":"https:\/\/api.w.org\/{rel}","templated":true}]}}